{"id":45,"date":"2024-12-26T13:44:58","date_gmt":"2024-12-26T12:44:58","guid":{"rendered":"https:\/\/cedricplouvier.ovh\/?page_id=45"},"modified":"2026-02-16T16:17:18","modified_gmt":"2026-02-16T15:17:18","slug":"pax-deorum-livre-i-les-fils-de-mars","status":"publish","type":"page","link":"https:\/\/cedricplouvier.ovh\/index.php\/mes-ouvrages\/pax-deorum-livre-i-les-fils-de-mars\/","title":{"rendered":"Pax Deorum &#8211; Livre I : Les Fils de Mars"},"content":{"rendered":"\n<p class=\"has-text-align-center has-large-font-size\"><strong>Pax Deorum \u2013 Livre I : Les Fils de Mars (2024)<\/strong><\/p>\n\n\n\n<p class=\"has-text-align-center has-large-font-size\"><em><strong>Saga historico-fantastique<\/strong><\/em><\/p>\n\n\n\n<figure class=\"wp-block-video\"><video height=\"1168\" style=\"aspect-ratio: 864 \/ 1168;\" width=\"864\" controls src=\"https:\/\/cedricplouvier.ovh\/wp-content\/uploads\/2024\/12\/anime-avec-son-pax-1.mp4\"><\/video><\/figure>\n\n\n\n<hr class=\"wp-block-separator has-alpha-channel-opacity\"\/>\n\n\n\n<figure class=\"wp-block-image size-large\"><img loading=\"lazy\" decoding=\"async\" width=\"1024\" height=\"718\" src=\"https:\/\/cedricplouvier.ovh\/wp-content\/uploads\/2024\/12\/PAX-DEORUM-TOME-1-BROCHE-1-1600x1200-1-1024x718.jpg\" alt=\"\" class=\"wp-image-67\" srcset=\"https:\/\/cedricplouvier.ovh\/wp-content\/uploads\/2024\/12\/PAX-DEORUM-TOME-1-BROCHE-1-1600x1200-1-1024x718.jpg 1024w, https:\/\/cedricplouvier.ovh\/wp-content\/uploads\/2024\/12\/PAX-DEORUM-TOME-1-BROCHE-1-1600x1200-1-300x210.jpg 300w, https:\/\/cedricplouvier.ovh\/wp-content\/uploads\/2024\/12\/PAX-DEORUM-TOME-1-BROCHE-1-1600x1200-1-768x539.jpg 768w, https:\/\/cedricplouvier.ovh\/wp-content\/uploads\/2024\/12\/PAX-DEORUM-TOME-1-BROCHE-1-1600x1200-1-1536x1077.jpg 1536w, https:\/\/cedricplouvier.ovh\/wp-content\/uploads\/2024\/12\/PAX-DEORUM-TOME-1-BROCHE-1-1600x1200-1.jpg 1600w\" sizes=\"auto, (max-width: 1024px) 100vw, 1024px\" \/><\/figure>\n\n\n\n<p class=\"has-large-font-size\"><span style=\"text-decoration: underline;\">R\u00e9sum\u00e9 d\u00e9taill\u00e9 :<\/span><\/p>\n\n\n\n<p><em>D\u00e9but du IVe si\u00e8cle avant J-C. Rome est en passe de dominer compl\u00e8tement le Latium, une r\u00e9gion fertile du centre de l\u2019Italie. Puissante, la ville bouillonne pourtant int\u00e9rieurement. Les intrigues familiales et politiques au S\u00e9nat et dans les grandes maisons, les querelles d\u2019ego, ainsi que les affaires sales dans les quartiers populaires parfois aux mains des bandits, sont le lot quotidien de la Ville. Celle-ci est \u00e9galement confront\u00e9e aux menaces croissantes des peuples voisins, notamment \u00e9trusques, l\u2019obligeant \u00e0 mener des guerres continuelles.<\/em><\/p>\n\n\n\n<p><em>\u00c0 tout cela s\u2019ajoutent d\u2019\u00e9tranges \u00e9v\u00e8nements, qui se multiplient jusque dans les campagnes environnantes et qui semblent impliquer les dieux, poussant les Romains \u00e0 s\u2019interroger sur leur destin : de quelle nature est la menace qui p\u00e8se sur Rome ?<\/em><\/p>\n\n\n\n<p class=\"has-large-font-size\"><span style=\"text-decoration: underline;\">Explications suppl\u00e9mentaires :<\/span><\/p>\n\n\n\n<p>Entre <em>Game of Thrones<\/em> et la s\u00e9rie t\u00e9l\u00e9visuelle <em>Rome<\/em>, <em>Pax Deorum<\/em> est une <strong>saga complexe dont l\u2019intrigue se structure \u00e0 travers un enchev\u00eatrement d\u2019histoires qui se recoupent<\/strong>, avec de nombreux personnages. Il faut laisser le temps \u00e0 ces derniers de se d\u00e9couvrir : la grande majorit\u00e9 des personnages apparaissent d\u00e8s le tome 1, mais se retrouvent ensuite. Ne vous inqui\u00e9tez pas si vous vous y perdez un peu et r\u00e9f\u00e9rez-vous \u00e0 l\u2019index si n\u00e9cessaire.<\/p>\n\n\n\n<p><strong>Il n\u2019y a aucune longueur dans le r\u00e9cit d\u00e8s lors que l\u2019on accepte le principe d\u2019un roman d\u2019abord historique<\/strong>, o\u00f9 l\u2019ambiance et l\u2019immersion soci\u00e9tale sont essentielles. Les descriptions, l\u2019utilisation de termes techniques, etc\u2026 ne sont jamais exag\u00e9r\u00e9s mais toujours n\u00e9cessaires ! Je pr\u00e9cise de surcro\u00eet que <strong>de nombreux personnages<\/strong> (notamment aristocratiques) <strong>ont r\u00e9ellement exist\u00e9, leur nom suit la logique romaine<\/strong>. Le lexique, avec les noms et les g\u00e9n\u00e9alogies, est encore une fois l\u00e0 pour faciliter votre compr\u00e9hension.<\/p>\n\n\n\n<p>Le format physique est pr\u00e9f\u00e9rable au format virtuel, cela afin de faciliter l\u2019acc\u00e8s aux lexique, index et g\u00e9n\u00e9alogies des personnages, ainsi qu\u2019aux cartes, importants pour se rep\u00e9rer dans le r\u00e9cit, surtout dans les premiers tomes.<\/p>\n\n\n\n<p class=\"has-large-font-size\"><span style=\"text-decoration: underline;\">Chroniques (il existe de nombreuses chroniques des anciennes \u00e9ditions sur internet, pour vous donner une id\u00e9e) :<\/span><\/p>\n\n\n\n<p><a target=\"_blank\" rel=\"noreferrer noopener\" href=\"https:\/\/marenostrum.pm\/pax-deorum-cedric-plouvier\/\">Mare Nostrum (association)<\/a> (07\/05\/2021) = ancienne \u00e9dition (mais correspond au contenu de ce Livre I)<\/p>\n\n\n\n<p><em>\u00ab\u00a0<\/em><em>Pax Deorum n\u2019est pas une fresque statique. Le soin apport\u00e9 \u00e0 la reconstitution historique, n\u2019enl\u00e8ve rien au suspense qui permet de faire d\u00e9filer les pages sans s\u2019en rendre compte.<\/em><em>\u00ab\u00a0<\/em><\/p>\n\n\n\n<p class=\"has-large-font-size\"><span style=\"text-decoration: underline;\">Commentaires de lecteurs :<\/span><\/p>\n\n\n\n<ul class=\"wp-block-list\">\n<li>Le site de mon \u00e9diteur (<a href=\"https:\/\/editions-lagrandevague.fr\/thriller\/153-pax-deorum-livre-i-les-fils-de-mars-broche-9782384601066.html\" target=\"_blank\" rel=\"noreferrer noopener\">tout en bas<\/a>)<\/li>\n\n\n\n<li>Amazon<\/li>\n\n\n\n<li>FNAC<\/li>\n\n\n\n<li>Babelio<\/li>\n\n\n\n<li>Livraddict<\/li>\n\n\n\n<li>GoodReads<\/li>\n\n\n\n<li>BookNode<\/li>\n<\/ul>\n\n\n\n<p class=\"has-large-font-size\"><span style=\"text-decoration: underline;\">Extrait choisi de l&rsquo;ouvrage :<\/span><\/p>\n\n\n\n<p style=\"text-align: justify;\">Titinius avan\u00e7a avec un autre soldat, l\u2019\u00e9p\u00e9e \u00e0 la main, et p\u00e9n\u00e9tra lentement dans la pi\u00e8ce. Il jeta un regard circulaire pour s\u2019assurer que l\u2019endroit \u00e9tait sans danger et comprit qu\u2019il \u00e9tait vide.<\/p>\n<p style=\"text-align: justify;\">La matrone l\u2019avait suivi jusqu\u2019au seuil, mais avait refus\u00e9 de le rejoindre dans la salle : son mari se trouvait l\u00e0, une lance plant\u00e9e dans le thorax, clou\u00e9 litt\u00e9ralement au mur, \u00e0 droite de l\u2019entr\u00e9e.<\/p>\n<p style=\"text-align: justify;\">Les meurtres \u00e9taient fr\u00e9quents dans la Ville. En tout cas, rien qui ne m\u00e9ritait que Titinius se d\u00e9place lui-m\u00eame pour le constater. S\u2019il avait pris la peine de venir jusqu\u2019ici, tout au nord de Rome, au fond du Quirinal, c\u2019\u00e9tait parce que les circonstances de cette mort \u00e9taient particuli\u00e8res. Et comme le tribun consulaire Lucius Valerius Potitus lui avait demand\u00e9 d\u2019enqu\u00eater sur les manifestations \u00e9tranges qui se multipliaient \u00e0 Rome et dans ses p\u00e9riph\u00e9ries rurales, le moindre ph\u00e9nom\u00e8ne ou \u00e9v\u00e8nement inhabituel l\u2019int\u00e9ressait.<\/p>\n<p style=\"text-align: justify;\">Il s\u2019approcha du cadavre, alors que le soldat qui l\u2019avait accompagn\u00e9 s\u2019\u00e9tait post\u00e9 \u00e0 l\u2019entr\u00e9e de la pi\u00e8ce, puis l\u2019observa attentivement.<\/p>\n<p style=\"text-align: justify;\">C\u2019\u00e9tait un individu d\u2019un \u00e2ge assez avanc\u00e9 pour sa condition sociale, plus de cinquante ans, de corpulence moyenne. Le centurion analysa de plus pr\u00e8s la lance. Elle aussi n\u2019avait rien de particulier, mais la mani\u00e8re dont elle \u00e9tait plant\u00e9e l\u2019intriguait. En d\u00e9pla\u00e7ant un peu la d\u00e9pouille, il constata en effet que la pointe \u00e9tait presque compl\u00e8tement enfonc\u00e9e dans le mur. La chose \u00e9tait impossible en lan\u00e7ant l\u2019arme sur un homme, surtout avec un recul de seulement deux pas, c\u2019est-\u00e0-dire la distance s\u00e9parant le cadavre de la paroi en face.<\/p>\n<p style=\"text-align: justify;\">Le meurtrier avait donc perfor\u00e9 le corps \u00e0 bout portant.<\/p>\n<p style=\"text-align: justify;\">Mais dans ce cas, pourquoi n\u2019y avait-il aucune trace de combat visible ? La pi\u00e8ce \u00e9tait en effet toujours en ordre et les v\u00eatements de la victime \u00e9taient intacts. Le tueur n\u2019\u00e9tait pas apparu ainsi subitement ! Le propri\u00e9taire des lieux l\u2019avait forc\u00e9ment vu.<\/p>\n<p style=\"text-align: justify;\">Il regarda autour de lui et ne d\u00e9couvrit aucune fen\u00eatre. La porte \u00e9tait la seule sortie possible et donc\u2026 l\u2019unique entr\u00e9e !<\/p>\n<p style=\"text-align: justify;\">Sauf s\u2019il connaissait son meurtrier et qu\u2019il \u00e9tait avec lui, dans cette pi\u00e8ce, pensa Titinius.<\/p>\n<p style=\"text-align: justify;\">Deux autres questions se posaient \u00e0 lui : pourquoi le battant \u00e9tait-il clos de l\u2019int\u00e9rieur et que voulait l\u2019assassin ? Car, dans ce cas, il lui apparaissait \u00e9vident que le crime avait \u00e9t\u00e9 pr\u00e9m\u00e9dit\u00e9.<\/p>\n<p style=\"text-align: justify;\">\u2014 Que faisait-il ici ? finit par demander le centurion \u00e0 l\u2019\u00e9pouse qui l\u2019observait toujours \u00e0 distance.<\/p>\n<p style=\"text-align: justify;\">\u2014 Il venait souvent l\u00e0 pour s\u2019isoler, mais j\u2019sais pas c\u2019qu\u2019il faisait. Il fermait \u00e0 chaque fois, pour pas qu\u2019on l\u2019d\u00e9range.<\/p>\n<p style=\"text-align: justify;\">\u2014 Quelqu\u2019un est-il entr\u00e9 avec lui aujourd\u2019hui ?<\/p>\n<p style=\"text-align: justify;\">\u2014 Non, il \u00e9tait tout seul.<\/p>\n<p style=\"text-align: justify;\">Titinius regarda au fond de la salle : les armes et pi\u00e8ces de valeur ne semblaient pas avoir boug\u00e9, ce qui rendait le mobile du meurtre encore plus \u00e9trange. Par contre, on devinait qu\u2019il manquait une lance sur le support de rangement. L\u2019arme du crime devait donc \u00eatre celle-ci, \u00e0 moins d\u2019avoir voulu le faire croire. Mais alors, dans quel int\u00e9r\u00eat ?<\/p>\n<p style=\"text-align: justify;\">\u2014 Ton mari aimait les armes \u00e0 ce que je vois. Avait-il quelque ennemi qui aurait pu s\u2019en prendre \u00e0 lui ?<\/p>\n<p style=\"text-align: justify;\">\u2014 Il a servi dans la l\u00e9gion. Il a gard\u00e9 celles qu\u2019il avait et en a rachet\u00e9 d\u2019autres, \u00e0 d\u2019anciens compagnons. Il faisait partie d\u2019une confr\u00e9rie militaire.<\/p>\n<p style=\"text-align: justify;\">\u2014 Ce petit coffre, l\u00e0-bas, \u00e0 c\u00f4t\u00e9 de la vaisselle pr\u00e9cieuse, je suppose que c\u2019est votre argent ?<\/p>\n<p style=\"text-align: justify;\">Comme la matrone ne r\u00e9agissait pas, sans doute par ignorance, le centurion partit lui-m\u00eame v\u00e9rifier. En effet, celui-ci \u00e9tait rempli de pi\u00e8ces grecques, de bronze et d\u2019argent, et il y avait \u00e9galement des aera signati.<\/p>\n<p style=\"text-align: justify;\">\u00a0<\/p>\n\n\n\n<p class=\"has-text-align-center has-medium-font-size\"><strong>Attention ! <\/strong>Ce tome est une nouvelle \u00e9dition, compl\u00e8tement r\u00e9\u00e9crite, des anciens tomes 1 (<em>Il \u00e9tait une fois, Rome\u2026<\/em>) et 2 (<em>La voix des dieux<\/em>), sortis en 2020 (et non leur suite).<\/p>\n\n\n\n<p><\/p>\n","protected":false},"excerpt":{"rendered":"<p>Pax Deorum \u2013 Livre I : Les Fils de Mars (2024) Saga historico-fantastique R\u00e9sum\u00e9 d\u00e9taill\u00e9 : D\u00e9but du IVe si\u00e8cle avant J-C. Rome est en &hellip;<\/p>\n","protected":false},"author":1,"featured_media":0,"parent":39,"menu_order":0,"comment_status":"open","ping_status":"closed","template":"","meta":{"footnotes":""},"class_list":["post-45","page","type-page","status-publish","hentry"],"_links":{"self":[{"href":"https:\/\/cedricplouvier.ovh\/index.php\/wp-json\/wp\/v2\/pages\/45","targetHints":{"allow":["GET"]}}],"collection":[{"href":"https:\/\/cedricplouvier.ovh\/index.php\/wp-json\/wp\/v2\/pages"}],"about":[{"href":"https:\/\/cedricplouvier.ovh\/index.php\/wp-json\/wp\/v2\/types\/page"}],"author":[{"embeddable":true,"href":"https:\/\/cedricplouvier.ovh\/index.php\/wp-json\/wp\/v2\/users\/1"}],"replies":[{"embeddable":true,"href":"https:\/\/cedricplouvier.ovh\/index.php\/wp-json\/wp\/v2\/comments?post=45"}],"version-history":[{"count":10,"href":"https:\/\/cedricplouvier.ovh\/index.php\/wp-json\/wp\/v2\/pages\/45\/revisions"}],"predecessor-version":[{"id":446,"href":"https:\/\/cedricplouvier.ovh\/index.php\/wp-json\/wp\/v2\/pages\/45\/revisions\/446"}],"up":[{"embeddable":true,"href":"https:\/\/cedricplouvier.ovh\/index.php\/wp-json\/wp\/v2\/pages\/39"}],"wp:attachment":[{"href":"https:\/\/cedricplouvier.ovh\/index.php\/wp-json\/wp\/v2\/media?parent=45"}],"curies":[{"name":"wp","href":"https:\/\/api.w.org\/{rel}","templated":true}]}}