{"id":47,"date":"2024-12-26T13:45:22","date_gmt":"2024-12-26T12:45:22","guid":{"rendered":"https:\/\/cedricplouvier.ovh\/?page_id=47"},"modified":"2026-02-16T16:17:33","modified_gmt":"2026-02-16T15:17:33","slug":"pax-deorum-livre-ii-la-bataille-des-deux-cites","status":"publish","type":"page","link":"https:\/\/cedricplouvier.ovh\/index.php\/mes-ouvrages\/pax-deorum-livre-ii-la-bataille-des-deux-cites\/","title":{"rendered":"Pax Deorum &#8211; Livre II : La bataille des deux Cit\u00e9s"},"content":{"rendered":"\n<p class=\"has-text-align-center has-large-font-size\"><strong>Pax Deorum \u2013 Livre II : La bataille des deux Cit\u00e9s (2024)<\/strong><\/p>\n\n\n\n<p class=\"has-text-align-center has-large-font-size\"><em><strong>Saga historico-fantastique<\/strong><\/em><\/p>\n\n\n\n<figure class=\"wp-block-video\"><video height=\"1168\" style=\"aspect-ratio: 864 \/ 1168;\" width=\"864\" controls src=\"https:\/\/cedricplouvier.ovh\/wp-content\/uploads\/2024\/12\/anime-avec-son-pax-2.mp4\"><\/video><\/figure>\n\n\n\n<hr class=\"wp-block-separator has-alpha-channel-opacity\"\/>\n\n\n\n<figure class=\"wp-block-image size-large\"><img loading=\"lazy\" decoding=\"async\" width=\"1024\" height=\"718\" src=\"https:\/\/cedricplouvier.ovh\/wp-content\/uploads\/2024\/12\/PAX-DEORUM-TOME-2-BROCHE-1-1600x1200-1-1024x718.jpg\" alt=\"\" class=\"wp-image-72\" srcset=\"https:\/\/cedricplouvier.ovh\/wp-content\/uploads\/2024\/12\/PAX-DEORUM-TOME-2-BROCHE-1-1600x1200-1-1024x718.jpg 1024w, https:\/\/cedricplouvier.ovh\/wp-content\/uploads\/2024\/12\/PAX-DEORUM-TOME-2-BROCHE-1-1600x1200-1-300x210.jpg 300w, https:\/\/cedricplouvier.ovh\/wp-content\/uploads\/2024\/12\/PAX-DEORUM-TOME-2-BROCHE-1-1600x1200-1-768x539.jpg 768w, https:\/\/cedricplouvier.ovh\/wp-content\/uploads\/2024\/12\/PAX-DEORUM-TOME-2-BROCHE-1-1600x1200-1-1536x1077.jpg 1536w, https:\/\/cedricplouvier.ovh\/wp-content\/uploads\/2024\/12\/PAX-DEORUM-TOME-2-BROCHE-1-1600x1200-1.jpg 1600w\" sizes=\"auto, (max-width: 1024px) 100vw, 1024px\" \/><\/figure>\n\n\n\n<p class=\"has-large-font-size\"><span style=\"text-decoration: underline;\">R\u00e9sum\u00e9 d\u00e9taill\u00e9 :<\/span><\/p>\n\n\n\n<p><em>En proie \u00e0 des conflits de plus en plus mena\u00e7ants, Rome fait face \u00e0 elle-m\u00eame. Les app\u00e9tits s\u2019aiguisent : les grandes familles complotent pour le pouvoir, tandis que le peuple gronde et que le banditisme se nourrit du d\u00e9sespoir, qui s\u2019immisce dans les rues et jusque dans les riches maisons.<\/em><\/p>\n\n\n\n<p><em>Un homme, un glorieux chef de guerre, promet au S\u00e9nat de r\u00e9concilier l\u2019aristocratie, la pl\u00e8be et le peuple, en s\u2019emparant de V\u00e9ies. Si la cit\u00e9 \u00e9trusque tombe, les Romains seront les ma\u00eetres du Latium, et l\u2019avenir apportera l\u2019ordre et la concorde dans la Ville.<\/em><\/p>\n\n\n\n<p><em>Mais V\u00e9ies est d\u00e9fendue par d\u2019\u00e9pais remparts et les dieux semblent partag\u00e9s sur la question. Ils se manifestent de plus en plus aux Romains, apportant incertitude et angoisse.<\/em><\/p>\n\n\n\n<p><em>Qui sera vraiment en mesure de sauver Rome et r\u00e9tablir la paix<\/em><\/p>\n\n\n\n<p class=\"has-large-font-size\"><span style=\"text-decoration: underline;\">Explications suppl\u00e9mentaires :<\/span><\/p>\n\n\n\n<p>Entre <em>Game of Thrones<\/em> et la s\u00e9rie t\u00e9l\u00e9visuelle <em>Rome<\/em>, <em>Pax Deorum<\/em> est une <strong>saga complexe dont l\u2019intrigue se structure \u00e0 travers un enchev\u00eatrement d\u2019histoires qui se recoupent<\/strong>, avec de nombreux personnages. Il faut laisser le temps \u00e0 ces derniers de se d\u00e9couvrir : la grande majorit\u00e9 des personnages apparaissent d\u00e8s le tome 1, mais se retrouvent ensuite. Ne vous inqui\u00e9tez pas si vous vous y perdez un peu et r\u00e9f\u00e9rez-vous \u00e0 l\u2019index si n\u00e9cessaire.<\/p>\n\n\n\n<p><strong>Il n\u2019y a aucune longueur dans le r\u00e9cit d\u00e8s lors que l\u2019on accepte le principe d\u2019un roman d\u2019abord historique<\/strong>, o\u00f9 l\u2019ambiance et l\u2019immersion soci\u00e9tale sont essentielles. Les descriptions, l\u2019utilisation de termes techniques, etc\u2026 ne sont jamais exag\u00e9r\u00e9s mais toujours n\u00e9cessaires ! Je pr\u00e9cise de surcro\u00eet que <strong>de nombreux personnages<\/strong> (notamment aristocratiques) <strong>ont r\u00e9ellement exist\u00e9, leur nom suit la logique romaine<\/strong>. Le lexique, avec les noms et les g\u00e9n\u00e9alogies, est encore une fois l\u00e0 pour faciliter votre compr\u00e9hension.<\/p>\n\n\n\n<p>Le format physique est pr\u00e9f\u00e9rable au format virtuel, cela afin de faciliter l\u2019acc\u00e8s aux lexique, index et g\u00e9n\u00e9alogies des personnages, ainsi qu\u2019aux cartes, importants pour se rep\u00e9rer dans le r\u00e9cit, surtout dans les premiers tomes.<\/p>\n\n\n\n<p class=\"has-large-font-size\"><span style=\"text-decoration: underline;\">Commentaires de lecteurs :<\/span><\/p>\n\n\n\n<ul class=\"wp-block-list\">\n<li>Le site de mon \u00e9diteur (<a href=\"https:\/\/editions-lagrandevague.fr\/thriller\/154-pax-deorum-livre-ii-la-bataille-des-deux-cites-broche-9782384601080.html\" target=\"_blank\" rel=\"noreferrer noopener\">tout en bas<\/a>)<\/li>\n\n\n\n<li>Amazon<\/li>\n\n\n\n<li>FNAC<\/li>\n\n\n\n<li>Babelio<\/li>\n\n\n\n<li>Livraddict<\/li>\n\n\n\n<li>GoodReads<\/li>\n\n\n\n<li>BookNode<\/li>\n<\/ul>\n\n\n\n<p class=\"has-large-font-size\"><span style=\"text-decoration: underline;\">Extrait choisi de l&rsquo;ouvrage :<\/span><\/p>\n\n\n\n<p style=\"text-align: justify;\">Mais les l\u00e9gionnaires ne semblaient pas l\u2019\u00e9couter. Leur attention \u00e9tait attir\u00e9e par autre chose. Il fallut un moment au centurion pour qu\u2019il en comprenne la raison : devant eux, \u00e0 quelques pas \u00e0 peine, un g\u00e9ant \u00e9tait soudainement apparu !<\/p>\n<p style=\"text-align: justify;\">Le colosse devait bien faire ses neuf pieds de haut et ses bras \u00e9taient trois fois plus larges que ceux des plus robustes guerriers qui l\u2019entouraient. Il \u00e9tait \u00e9quip\u00e9, mais ne portait pas de casque, certainement peu inquiet de prendre un coup sur la t\u00eate. Son visage \u00e9tait ceint d\u2019une longue barbe grise et d\u2019une chevelure de la m\u00eame couleur, qui n\u2019auraient su faire de lui un vieillard, tant son allure g\u00e9n\u00e9rale d\u00e9gageait de la puissance.<\/p>\n<p style=\"text-align: justify;\">Personne n\u2019avait jamais rien vu de tel et les soldats s\u2019\u00e9cart\u00e8rent naturellement.<\/p>\n<p style=\"text-align: justify;\">Chez les Romains, la figure du g\u00e9ant \u00e9tait \u00e9minemment terrifiante, \u00e0 la fois par sa taille d\u00e9mesur\u00e9e et sa brutalit\u00e9 \u00e9vidente, mais \u00e9galement parce qu\u2019il \u00e9tait un \u00eatre chtonien, d\u00e9tenteur de la force tellurique primitive pouvant s\u2019abattre sur les hommes.<\/p>\n<p style=\"text-align: justify;\">Le d\u00e9sarroi des l\u00e9gionnaires fut complet lorsqu\u2019ils aper\u00e7urent le monstre se diriger spontan\u00e9ment vers eux. Un cri guttural s\u2019\u00e9leva au-dessus des soldats et frappa les feuilles des arbres contemplant au loin la bataille. La cr\u00e9ature leva une immense faucille, \u00e0 la lame aussi large que tranchante, et faucha aussit\u00f4t ceux devant lui, comme de vulgaires \u00e9pis de bl\u00e9. Toutes les fois que son arme touchait un ennemi, quelques \u00e9tincelles bleut\u00e9es s\u2019en \u00e9chappaient et se prolongeaient dans l\u2019air tout autour, avant de semer la mort et la d\u00e9solation.<\/p>\n<p style=\"text-align: justify;\">Entour\u00e9 de ce halo \u00e9lectrique, le g\u00e9ant offrait une image \u00e0 la fois terrible et magnifique, rendant le combat irr\u00e9el.<\/p>\n<p style=\"text-align: justify;\">Le centurion aurait voulu hurler \u00e0 ses soldats de rester soud\u00e9s et de ne pas fl\u00e9chir mais, devant ce massacre et la violence des coups, il ne pouvait qu\u2019\u00eatre spectateur, impuissant face aux cris, au sang et aux membres coup\u00e9s qui emplissaient l\u2019atmosph\u00e8re d\u2019une lourdeur affligeante.<\/p>\n<p style=\"text-align: justify;\">\u2014 Repliez-vous, repliez-vous ! finit-il alors par vocif\u00e9rer.<\/p>\n<p style=\"text-align: justify;\">Autour du colosse, les Cap\u00e9nates avaient au contraire repris courage et repartaient \u00e0 l\u2019attaque \u00e0 sa suite, la lance en avant, profitant de cette aide inesp\u00e9r\u00e9e pour renverser le cours de l\u2019affrontement.<\/p>\n<p style=\"text-align: justify;\">Titinius enjoignit ses hommes \u00e0 fuir et \u00e0 sauver leur vie. Lui-m\u00eame remit son \u00e9p\u00e9e au fourreau et courut dans la direction oppos\u00e9e, laissant tomber son bouclier en chemin. Avant de p\u00e9n\u00e9trer dans les bois, il se retourna pour assister au triste spectacle de la d\u00e9b\u00e2cle de ses l\u00e9gionnaires qui s\u2019\u00e9parpillaient sur le champ de bataille.<\/p>\n<p style=\"text-align: justify;\">On aurait dit une fourmili\u00e8re malhabile, dans laquelle les dieux auraient donn\u00e9 un grand coup de pied !<\/p>\n<p style=\"text-align: justify;\">En route pour Rome, Titinius eut tout le temps de repenser \u00e0 cette bataille et \u00e0 son issue d\u00e9sastreuse. Le combat aurait d\u00fb \u00eatre une victoire, mais voil\u00e0 que ce g\u00e9ant \u00e9tait sorti de nulle part, avec une arme qui servait \u00e0 moissonner, et non \u00e0 faire la guerre\u2026<br \/>On associait la faucille \u00e0 Saturne, une vieille divinit\u00e9 \u00e9trusque des semailles, protecteur de l\u2019agriculture. Saturne poss\u00e9dait cependant un temple tr\u00e8s ancien \u00e0 Rome, dans lequel la Ville d\u00e9posait d\u2019ailleurs son tr\u00e9sor. \u00c0 l\u2019origine de la civilisation en Italie, le dieu \u00e9tait \u00e0 la fois tr\u00e8s appr\u00e9ci\u00e9 des Romains et tr\u00e8s important pour la vitalit\u00e9 de leur soci\u00e9t\u00e9, alors pourquoi se serait-il retourn\u00e9 contre eux ?<\/p>\n","protected":false},"excerpt":{"rendered":"<p>Pax Deorum \u2013 Livre II : La bataille des deux Cit\u00e9s (2024) Saga historico-fantastique R\u00e9sum\u00e9 d\u00e9taill\u00e9 : En proie \u00e0 des conflits de plus en &hellip;<\/p>\n","protected":false},"author":1,"featured_media":0,"parent":39,"menu_order":0,"comment_status":"open","ping_status":"closed","template":"","meta":{"footnotes":""},"class_list":["post-47","page","type-page","status-publish","hentry"],"_links":{"self":[{"href":"https:\/\/cedricplouvier.ovh\/index.php\/wp-json\/wp\/v2\/pages\/47","targetHints":{"allow":["GET"]}}],"collection":[{"href":"https:\/\/cedricplouvier.ovh\/index.php\/wp-json\/wp\/v2\/pages"}],"about":[{"href":"https:\/\/cedricplouvier.ovh\/index.php\/wp-json\/wp\/v2\/types\/page"}],"author":[{"embeddable":true,"href":"https:\/\/cedricplouvier.ovh\/index.php\/wp-json\/wp\/v2\/users\/1"}],"replies":[{"embeddable":true,"href":"https:\/\/cedricplouvier.ovh\/index.php\/wp-json\/wp\/v2\/comments?post=47"}],"version-history":[{"count":8,"href":"https:\/\/cedricplouvier.ovh\/index.php\/wp-json\/wp\/v2\/pages\/47\/revisions"}],"predecessor-version":[{"id":447,"href":"https:\/\/cedricplouvier.ovh\/index.php\/wp-json\/wp\/v2\/pages\/47\/revisions\/447"}],"up":[{"embeddable":true,"href":"https:\/\/cedricplouvier.ovh\/index.php\/wp-json\/wp\/v2\/pages\/39"}],"wp:attachment":[{"href":"https:\/\/cedricplouvier.ovh\/index.php\/wp-json\/wp\/v2\/media?parent=47"}],"curies":[{"name":"wp","href":"https:\/\/api.w.org\/{rel}","templated":true}]}}